 - 180 = -2*h. Let a = 16 - 8. What is the greatest common factor of a and h?
8
Suppose 5*r - t = -2*t - 8, 0 = -5*r + t - 12. Let y be ((-2)/(-4))/(r/(-96)). Calculate the highest common factor of 8 and y.
8
Let c(i) = i + 3. Let p be c(-3). Suppose 3*u - 28 - 2 = p. Let t = 270 + -255. What is the highest common factor of u and t?
5
Suppose i = 3*i + 10. Let v(x) = x**2 + 4*x + 1. Let z be v(i). Calculate the greatest common divisor of z and 66.
6
Let i(k) = k**2 + 7*k - 2. Let g be i(-8). Let p be (-2 + 4)*g/3. Suppose -2*h = -2*a - 2, 4*h + a = p*a + 8. Calculate the greatest common divisor of h and 35.
5
Suppose 25 + 5 = 3*d. Let s(n) = 3*n - 3*n - 2*n - 1 - 9*n**3. Let h be s(-1). Calculate the greatest common factor of d and h.
10
Suppose 21 + 19 = -5*r. Let a(i) = -i**2 - 10*i - 1. Let s be a(r). Calculate the greatest common factor of s and 120.
15
Suppose -5 = -8*a + 11. Calculate the greatest common factor of a and 1.
1
Suppose 23 = 6*m - 19. What is the greatest common divisor of 1 and m?
1
Suppose 3*a = 19 - 10. Let h = 2 + -2. Let x be (h + (1 - 2))*-15. Calculate the greatest common divisor of a and x.
3
Let t = 7 - -2. Suppose -2*n = -7*n + 4*o + 123, 5*n - 120 = 5*o. What is the greatest common divisor of n and t?
9
Suppose -3*s - 4 = s. Let n be (-18*(-10)/(-4))/s. Calculate the highest common factor of n and 15.
15
Let o be (39/12)/((-2)/(-8)). Let m(d) = 142*d + 1. Let p(x) = x**3 + 2*x**2. Let b be p(-1). Let u be m(b). What is the greatest common factor of u and o?
13
Let h(k) be the second derivative of -k**5/20 - 2*k**4/3 + 9*k**2/2 + 5*k. Let m be h(-8). Calculate the highest common factor of m and 99.
9
Let f be ((-7)/(-14))/(2/8). Calculate the greatest common factor of f and 6.
2
Suppose 2*h - 4*k - 84 = 0, -5*k + 39 + 31 = h. Calculate the highest common divisor of 10 and h.
10
Let k = 16 + 96. Suppose 0 = -2*n - n + 48. Calculate the greatest common factor of k and n.
16
Let y(q) = 2*q + 26. Let z be y(-11). What is the greatest common factor of z and 6?
2
Let p(n) = n + 5. Let j be p(-4). Let g(x) = 11*x**3 - x**2. Let d be g(j). Calculate the greatest common factor of d and 30.
10
Suppose 2 + 8 = 5*x. Suppose 50 = 7*z - x*z. What is the greatest common divisor of 80 and z?
10
Suppose 9*q - 240 = 6*q. What is the highest common factor of 20 and q?
20
Let y be ((-36)/(-15))/((-3)/(-10)). Calculate the highest common divisor of 2 and y.
2
Let i be 79/4 - (-3)/12. Suppose 0*j = -4*j + i. What is the highest common divisor of j and 55?
5
Suppose -3*o = 2*h - 27, -4*o - 2*h - h = -35. Calculate the greatest common divisor of o and 11.
11
Let s(y) be the second derivative of 3*y**3/2 + 7*y**2/2 + y. Let n be s(5). Let v be ((-3)/(-9))/((-1)/(-39)). Calculate the highest common factor of v and n.
13
Let a = 9 - 5. Suppose 4*x + 2*w = a, x = 4*x - 3*w - 21. What is the highest common factor of 3 and x?
3
Suppose -135 + 3 = -4*p. Calculate the highest common divisor of 11 and p.
11
Let w(f) = 2*f**2 - f + 1. Let s be w(-1). Suppose 21 = 3*m + 5*r - 6, -82 = -5*m + s*r. What is the highest common factor of 2 and m?
2
Suppose 0 = -m - 3*m + 56. Calculate the highest common divisor of 112 and m.
14
Let k(g) = 4*g**3 + 4*g**2 - 4*g + 2. Let s be k(2). Let t = 29 - 43. Let i = 20 + t. Calculate the highest common divisor of s and i.
6
Suppose 3*c + 2*c - 480 = 0. Suppose 5*q + g - 5*g = 39, -2*g = 4*q - 52. Let x = q - -5. What is the highest common divisor of c and x?
16
Let q = 24 + -2. Suppose 0 = -3*j - 4*r + 128, -2*j + 84 = 8*r - 4*r. Calculate the highest common divisor of q and j.
22
Suppose -4*v = v - 845. Calculate the highest common factor of 13 and v.
13
Let w be (-61)/(-9) - 2/(-9). Let y be (w - 7) + -2 + 11. What is the highest common divisor of 3 and y?
3
Let x(b) be the third derivative of -b**4/24 + b**3/3 + 6*b**2. Let h be x(1). What is the greatest common divisor of h and 5?
1
Suppose -3*v - 4*j = -113, -v + 2*j + 16 = -15. Let w = v - 17. Calculate the highest common factor of 6 and w.
6
Let u = -1 - -5. Let r(t) = 395*t**2 + 1. Let g be r(-1). Suppose -u*h = -0*h - g. What is the greatest common factor of h and 11?
11
Suppose 4*h - 158 = 3*r - 4*r, -2*r - 35 = -h. What is the highest common factor of 26 and h?
13
Let d = -22 - -32. What is the greatest common factor of d and 80?
10
Let c(t) = -t + 8. Let z be c(0). Suppose 0*x + 2*x = -z. Let a(q) = -q**3 - 3*q**2 - 2*q - 5. Let p be a(x). What is the highest common divisor of p and 171?
19
Suppose 2*u = -0 + 18. What is the greatest common factor of 36 and u?
9
Suppose -i = -3*i + 22. What is the greatest common divisor of i and 1?
1
Let u(l) = -l + 1. Let c be u(3). Let z be (-4)/c + 2 + -2. Suppose -3*k + 60 = -2*i, -5*k + 137 = -z*i + 41. Calculate the greatest common divisor of 54 and k.
18
Let m be (-4)/5*(-30)/4. Suppose r + 60 = m*r. Calculate the highest common divisor of 4 and r.
4
Suppose 4*r + q - 4*q = 84, -5*q - 20 = 0. What is the highest common factor of 9 and r?
9
Let f(c) = -2*c + 1 - 5*c + 4*c + 7*c + 7*c**2. Let n be f(3). Calculate the greatest common divisor of n and 19.
19
Let f be (-1 - -5)*(-1)/(-2). Let l(z) = 8*z**2 - z + 2. Let j be l(f). Suppose 297 = 5*i + 57. What is the greatest common factor of j and i?
16
Suppose -4*q + 1 = -11. Suppose -8*o - w + 57 = -4*o, q = 3*w. Calculate the highest common factor of o and 70.
14
Suppose 7*v - 650 = 2*v. What is the greatest common divisor of 52 and v?
26
Suppose -5*o + 27 = 4*p - 62, -3*p + o = -43. Calculate the greatest common divisor of p and 176.
16
Suppose -5*k = -3 - 2. Let c(h) = h**2 - 26*h + 49. Let i be c(24). Calculate the greatest common factor of k and i.
1
Let f(x) = -x**2 - x. Let c(w) = w**2 + 1. Let s(b) = -3*c(b) - 4*f(b). Let i = -13 - -7. Let g be s(i). What is the highest common divisor of g and 18?
9
Suppose -4*x - x + 4*j - 14 = 0, -40 = 4*x + 4*j. Let l(h) = h**3 + 8*h**2 + 2*h + 9. Let m be l(x). Calculate the greatest common factor of m and 23.
23
Let j be (-6)/15 - (-34)/10. Let u(n) = 9*n**3 - n. Let t be u(j). Suppose -q = 4*q - t. What is the highest common factor of 16 and q?
16
Suppose -3*a + a + 14 = -2*c, c + 23 = 5*a. Calculate the greatest common divisor of a and 20.
4
Suppose 5*b = 4*h - 5, 7 = -2*h + b + 14. Suppose 20 = 4*d - 2*f, -5*d + 25 = -2*f + 7*f. Calculate the highest common factor of h and d.
5
Suppose 5*p + 16 = -4, -3*w + 125 = -5*p. Calculate the greatest common divisor of 10 and w.
5
Let q(r) = -r**2 + 5*r. Let l be 3 + (0 - -1)*1. Let g be q(l). Let u = 9 + -5. What is the greatest common factor of u and g?
4
Let l(f) be the second derivative of f**3/6 + 15*f**2/2 - 3*f. Let c be l(-10). Suppose 23 + 187 = c*w. What is the greatest common factor of w and 6?
6
Suppose 18*i = 14*i - 120. Let a(o) = -2*o**2 + 3*o - 3. Let y be a(2). Let m be (4/y)/(4/i). What is the greatest common divisor of m and 3?
3
Let t = -2 + 3. Let x be (48/10)/(t/(-5)). Let n = 31 - x. Calculate the highest common divisor of n and 5.
5
Let w be (4 + -1)*(-62)/6. Let n be 141*1/(4 + -1). Let f = w + n. What is the greatest common factor of 2 and f?
2
Let f(z) = -4*z + 4. Let p be f(-2). What is the greatest common factor of 60 and p?
12
Let v(q) = -q**3 - 6*q**2 - 2*q - 23. Let x be v(-8). What is the greatest common factor of x and 11?
11
Suppose 0 = -z - 2, 3*z - 182 = -4*g - 2*z. Calculate the greatest common divisor of g and 24.
24
Let d(j) = j**3 - 5*j**2 + 5*j - 2. Let r be d(4). What is the greatest common factor of r and 3?
1
Let n = -28 - -42. Let c = -22 - -36. Let v be 396/c + 4/(-14). What is the highest common factor of n and v?
14
Let l(m) = m**3 + 7*m**2 + 3*m - 5. Let o be l(-6). Suppose -6*r + 173 = 17. What is the greatest common divisor of r and o?
13
Let t = 13 + 2. Calculate the greatest common divisor of t and 15.
15
Let d = 104 + -99. What is the highest common divisor of 5 and d?
5
Let m(v) = -v - 1. Let k(s) = -3 - 6*s + s**2 + 5 + 0*s. Let f be k(4). Let u be m(f). Calculate the greatest common factor of 25 and u.
5
Let b(i) = i - 13. Let j = 2 - -14. Let q be b(j). What is the greatest common divisor of 30 and q?
3
Let n(y) = -y**2 - 15*y + 19. Let l be n(-12). Suppose 0*j = -5*j + 25. What is the greatest common divisor of j 